{"id":27,"date":"2020-10-17T12:55:19","date_gmt":"2020-10-17T12:55:19","guid":{"rendered":"https:\/\/oeztuerk-recht.de\/?page_id=27"},"modified":"2025-10-04T12:14:11","modified_gmt":"2025-10-04T10:14:11","slug":"taetigkeitsfelder","status":"publish","type":"page","link":"https:\/\/oeztuerk-recht.de\/?page_id=27","title":{"rendered":"T\u00e4tigkeitsfelder"},"content":{"rendered":"\t\t<div data-elementor-type=\"wp-page\" data-elementor-id=\"27\" class=\"elementor elementor-27\">\n\t\t\t\t\t\t<section class=\"elementor-section elementor-top-section elementor-element elementor-element-b0ea7cb elementor-section-boxed elementor-section-height-default elementor-section-height-default\" data-id=\"b0ea7cb\" data-element_type=\"section\" data-e-type=\"section\">\n\t\t\t\t\t\t<div class=\"elementor-container elementor-column-gap-default\">\n\t\t\t\t\t<div class=\"elementor-column elementor-col-100 elementor-top-column elementor-element elementor-element-5698287\" data-id=\"5698287\" data-element_type=\"column\" data-e-type=\"column\">\n\t\t\t<div class=\"elementor-widget-wrap elementor-element-populated\">\n\t\t\t\t\t\t<div class=\"elementor-element elementor-element-4027579 elementor-widget elementor-widget-heading\" data-id=\"4027579\" data-element_type=\"widget\" data-e-type=\"widget\" data-widget_type=\"heading.default\">\n\t\t\t\t<div class=\"elementor-widget-container\">\n\t\t\t\t\t<h1 class=\"elementor-heading-title elementor-size-large\">T\u00e4tigkeitsfelder<\/h1>\t\t\t\t<\/div>\n\t\t\t\t<\/div>\n\t\t\t\t\t<\/div>\n\t\t<\/div>\n\t\t\t\t\t<\/div>\n\t\t<\/section>\n\t\t\t\t<section class=\"elementor-section elementor-top-section elementor-element elementor-element-6e093d0 elementor-section-boxed elementor-section-height-default elementor-section-height-default\" data-id=\"6e093d0\" data-element_type=\"section\" data-e-type=\"section\">\n\t\t\t\t\t\t<div class=\"elementor-container elementor-column-gap-default\">\n\t\t\t\t\t<div class=\"elementor-column elementor-col-100 elementor-top-column elementor-element elementor-element-5e4452a\" data-id=\"5e4452a\" data-element_type=\"column\" data-e-type=\"column\">\n\t\t\t<div class=\"elementor-widget-wrap\">\n\t\t\t\t\t\t\t<\/div>\n\t\t<\/div>\n\t\t\t\t\t<\/div>\n\t\t<\/section>\n\t\t\t\t<section class=\"elementor-section elementor-top-section elementor-element elementor-element-f5ece19 elementor-section-boxed elementor-section-height-default elementor-section-height-default\" data-id=\"f5ece19\" data-element_type=\"section\" data-e-type=\"section\">\n\t\t\t\t\t\t<div class=\"elementor-container elementor-column-gap-default\">\n\t\t\t\t\t<div class=\"elementor-column elementor-col-100 elementor-top-column elementor-element elementor-element-ddd785d\" data-id=\"ddd785d\" data-element_type=\"column\" data-e-type=\"column\">\n\t\t\t<div class=\"elementor-widget-wrap elementor-element-populated\">\n\t\t\t\t\t\t<div class=\"elementor-element elementor-element-97c9229 elementor-widget elementor-widget-text-editor\" data-id=\"97c9229\" data-element_type=\"widget\" data-e-type=\"widget\" data-widget_type=\"text-editor.default\">\n\t\t\t\t<div class=\"elementor-widget-container\">\n\t\t\t\t\t\t\t\t\t<p><span style=\"font-family: arial, helvetica, sans-serif; color: #000000; font-size: 14pt;\">Rechtsanwalt und Fachanwalt f\u00fcr Strafrecht Dipl. Jur. Salih G\u00f6khan \u00d6zt\u00fcrk nimmt Ihre rechtlichen Interessen au\u00dfergerichtlich und gerichtlich seit 2016 vor jeder Instanz wahr.\u00a0\u00a0<\/span><\/p>\n<p><span style=\"font-family: arial, helvetica, sans-serif; color: #000000; font-size: 14pt;\"><!-- \/wp:paragraph --><!-- wp:paragraph --><\/span><\/p>\n<p><span style=\"color: #000000; font-family: arial, helvetica, sans-serif; font-size: 14pt;\">In seiner weiteren Eigenschaft als allgemein vereidigter Dolmetscher und \u00dcbersetzer f\u00fcr T\u00fcrkisch (im T\u00fcrkischen auch -Yeminli Terc\u00fcman- genannt), mit dem Schwerpunkt Recht, bietet RA \u00d6zt\u00fcrk Ihnen auch professionelle Unterst\u00fctzung an. Die von ihm angefertigten beglaubigten \u00dcbersetzungen werden bundesweit sowie auch von t\u00fcrkischen Konsulaten und in der T\u00fcrkei anerkannt.\u00a0<\/span><\/p>\n<p><span style=\"font-family: arial, helvetica, sans-serif; color: #000000; font-size: 14pt;\"><!-- \/wp:paragraph --><!-- wp:paragraph --><\/span><\/p>\n<p><span style=\"font-family: arial, helvetica, sans-serif; color: #000000; font-size: 14pt;\">Auch f\u00fcr (beglaubigte) \u00dcbersetzungsauftr\u00e4ge (Urteile, Urkunden, Zeugnisse usw.) anderer Sprachen k\u00f6nnen Sie sich an uns wenden. Profitieren Sie von unserem gro\u00dfen Netzwerk.<\/span><\/p>\t\t\t\t\t\t\t\t<\/div>\n\t\t\t\t<\/div>\n\t\t\t\t<div class=\"elementor-element elementor-element-3e95b7d elementor-widget elementor-widget-image\" data-id=\"3e95b7d\" data-element_type=\"widget\" data-e-type=\"widget\" data-widget_type=\"image.default\">\n\t\t\t\t<div class=\"elementor-widget-container\">\n\t\t\t\t\t\t\t\t\t\t\t\t\t\t\t<img decoding=\"async\" width=\"300\" height=\"163\" src=\"https:\/\/oeztuerk-recht.de\/wp-content\/uploads\/2020\/12\/cropped-82023605_l_jurazeichen-scaled-1-300x163.jpg\" class=\"attachment-medium size-medium wp-image-197\" alt=\"Rechtsanwalt und Fachanwalt f\u00fcr Strafrecht \u00d6zt\u00fcrk steht Ihnen bei all Ihren rechtlichen Belangen zur Seite. Ferner steht er kompetent als vereidigter Dolmetscher und \u00dcbersetzer f\u00fcr das Sprachenpaar T\u00fcrkisch und Deutsch in Limburg zur Verf\u00fcgung. Ihre Kanzlei \u00d6zt\u00fcrk in Limburg an der Lahn. Rufen Sie uns an und vereinbaren Sie einen Termin. In Notf\u00e4llen, bei Verhaftungen oder Hausdurchsuchungen sind wir 24 h f\u00fcr Sie erreichbar.\" srcset=\"https:\/\/oeztuerk-recht.de\/wp-content\/uploads\/2020\/12\/cropped-82023605_l_jurazeichen-scaled-1-300x163.jpg 300w, https:\/\/oeztuerk-recht.de\/wp-content\/uploads\/2020\/12\/cropped-82023605_l_jurazeichen-scaled-1-1024x556.jpg 1024w, https:\/\/oeztuerk-recht.de\/wp-content\/uploads\/2020\/12\/cropped-82023605_l_jurazeichen-scaled-1-768x417.jpg 768w, https:\/\/oeztuerk-recht.de\/wp-content\/uploads\/2020\/12\/cropped-82023605_l_jurazeichen-scaled-1-1536x835.jpg 1536w, https:\/\/oeztuerk-recht.de\/wp-content\/uploads\/2020\/12\/cropped-82023605_l_jurazeichen-scaled-1-2048x1113.jpg 2048w\" sizes=\"100vw\" \/>\t\t\t\t\t\t\t\t\t\t\t\t\t\t\t<\/div>\n\t\t\t\t<\/div>\n\t\t\t\t\t<\/div>\n\t\t<\/div>\n\t\t\t\t\t<\/div>\n\t\t<\/section>\n\t\t\t\t<section class=\"elementor-section elementor-top-section elementor-element elementor-element-8af81c0 elementor-section-boxed elementor-section-height-default elementor-section-height-default\" data-id=\"8af81c0\" data-element_type=\"section\" data-e-type=\"section\">\n\t\t\t\t\t\t<div class=\"elementor-container elementor-column-gap-default\">\n\t\t\t\t\t<div class=\"elementor-column elementor-col-100 elementor-top-column elementor-element elementor-element-aff24f6\" data-id=\"aff24f6\" data-element_type=\"column\" data-e-type=\"column\">\n\t\t\t<div class=\"elementor-widget-wrap elementor-element-populated\">\n\t\t\t\t\t\t<div class=\"elementor-element elementor-element-22aceda elementor-widget elementor-widget-image\" data-id=\"22aceda\" data-element_type=\"widget\" data-e-type=\"widget\" data-widget_type=\"image.default\">\n\t\t\t\t<div class=\"elementor-widget-container\">\n\t\t\t\t\t\t\t\t\t\t\t\t\t\t\t<img decoding=\"async\" width=\"300\" height=\"132\" src=\"https:\/\/oeztuerk-recht.de\/wp-content\/uploads\/2020\/10\/index-300x132.png\" class=\"attachment-medium size-medium wp-image-132\" alt=\"Ihr Strafverteidiger \u00d6zt\u00fcrk bildet sich f\u00fcr Sie stets weiter. Rechtsanwalt \u00d6zt\u00fcrk \u00fcbernimmt gerne auch Pflichtverteidigungen. Weiter befasst sich Rechtsanwalt \u00d6zt\u00fcrk vertieft mit dem Verkehrsrecht. Mit seinem Expertenwissen betreuter Ihr Rechtsanwalt \u00d6zt\u00fcrk Sie in Limburg und in Gie\u00dfen von der au\u00dfgergerichtlichen Schadensregulierung bis zum gerichtlichen Prozess. Rechtsanwalt \u00d6zt\u00fcrk ber\u00e4t Sie umfassen mit seiner langj\u00e4hrigen Erfahrung in strafrechtlichen und verkehrsrechtlichen Angelegenheiten.\" srcset=\"https:\/\/oeztuerk-recht.de\/wp-content\/uploads\/2020\/10\/index-300x132.png 300w, https:\/\/oeztuerk-recht.de\/wp-content\/uploads\/2020\/10\/index.png 338w\" sizes=\"100vw\" \/>\t\t\t\t\t\t\t\t\t\t\t\t\t\t\t<\/div>\n\t\t\t\t<\/div>\n\t\t\t\t\t<\/div>\n\t\t<\/div>\n\t\t\t\t\t<\/div>\n\t\t<\/section>\n\t\t\t\t<section class=\"elementor-section elementor-top-section elementor-element elementor-element-6f9bc289 elementor-section-boxed elementor-section-height-default elementor-section-height-default\" data-id=\"6f9bc289\" data-element_type=\"section\" data-e-type=\"section\">\n\t\t\t\t\t\t<div class=\"elementor-container elementor-column-gap-default\">\n\t\t\t\t\t<div class=\"elementor-column elementor-col-100 elementor-top-column elementor-element elementor-element-5d424c32\" data-id=\"5d424c32\" data-element_type=\"column\" data-e-type=\"column\">\n\t\t\t<div class=\"elementor-widget-wrap elementor-element-populated\">\n\t\t\t\t\t\t<div class=\"elementor-element elementor-element-41580dd elementor-button-info animated-slow elementor-align-justify elementor-invisible elementor-widget elementor-widget-button\" data-id=\"41580dd\" data-element_type=\"widget\" data-e-type=\"widget\" data-settings=\"{&quot;_animation&quot;:&quot;bounceIn&quot;,&quot;_animation_delay&quot;:0}\" data-widget_type=\"button.default\">\n\t\t\t\t<div class=\"elementor-widget-container\">\n\t\t\t\t\t\t\t\t\t<div class=\"elementor-button-wrapper\">\n\t\t\t\t\t<a class=\"elementor-button elementor-button-link elementor-size-md\" href=\"https:\/\/oeztuerk-recht.de\/?page_id=234\">\n\t\t\t\t\t\t<span class=\"elementor-button-content-wrapper\">\n\t\t\t\t\t\t<span class=\"elementor-button-icon\">\n\t\t\t\t<i aria-hidden=\"true\" class=\"fas fa-phone-square-alt\"><\/i>\t\t\t<\/span>\n\t\t\t\t\t\t\t\t\t<span class=\"elementor-button-text\">Kontakt zur Kanzlei \u00d6zt\u00fcrk<\/span>\n\t\t\t\t\t<\/span>\n\t\t\t\t\t<\/a>\n\t\t\t\t<\/div>\n\t\t\t\t\t\t\t\t<\/div>\n\t\t\t\t<\/div>\n\t\t\t\t\t<\/div>\n\t\t<\/div>\n\t\t\t\t\t<\/div>\n\t\t<\/section>\n\t\t\t\t<section class=\"elementor-section elementor-top-section elementor-element elementor-element-5f63d76 elementor-section-boxed elementor-section-height-default elementor-section-height-default\" data-id=\"5f63d76\" data-element_type=\"section\" data-e-type=\"section\">\n\t\t\t\t\t\t<div class=\"elementor-container elementor-column-gap-default\">\n\t\t\t\t\t<div class=\"elementor-column elementor-col-100 elementor-top-column elementor-element elementor-element-2fbcb56\" data-id=\"2fbcb56\" data-element_type=\"column\" data-e-type=\"column\">\n\t\t\t<div class=\"elementor-widget-wrap elementor-element-populated\">\n\t\t\t\t\t\t<div class=\"elementor-element elementor-element-be7f875 elementor-align-justify elementor-widget elementor-widget-button\" data-id=\"be7f875\" data-element_type=\"widget\" data-e-type=\"widget\" data-widget_type=\"button.default\">\n\t\t\t\t<div class=\"elementor-widget-container\">\n\t\t\t\t\t\t\t\t\t<div class=\"elementor-button-wrapper\">\n\t\t\t\t\t<a class=\"elementor-button elementor-button-link elementor-size-md\" href=\"https:\/\/oeztuerk-recht.de\/\">\n\t\t\t\t\t\t<span class=\"elementor-button-content-wrapper\">\n\t\t\t\t\t\t<span class=\"elementor-button-icon\">\n\t\t\t\t<i aria-hidden=\"true\" class=\"fas fa-home\"><\/i>\t\t\t<\/span>\n\t\t\t\t\t\t\t\t\t<span class=\"elementor-button-text\">Zur Startseite <\/span>\n\t\t\t\t\t<\/span>\n\t\t\t\t\t<\/a>\n\t\t\t\t<\/div>\n\t\t\t\t\t\t\t\t<\/div>\n\t\t\t\t<\/div>\n\t\t\t\t\t<\/div>\n\t\t<\/div>\n\t\t\t\t\t<\/div>\n\t\t<\/section>\n\t\t\t\t<\/div>\n\t\t","protected":false},"excerpt":{"rendered":"<p>T\u00e4tigkeitsfelder Rechtsanwalt und Fachanwalt f\u00fcr Strafrecht Dipl. Jur. Salih G\u00f6khan \u00d6zt\u00fcrk nimmt Ihre rechtlichen Interessen au\u00dfergerichtlich und gerichtlich seit 2016 vor jeder Instanz wahr.\u00a0\u00a0 In seiner weiteren Eigenschaft als allgemein vereidigter Dolmetscher und \u00dcbersetzer f\u00fcr T\u00fcrkisch (im T\u00fcrkischen auch -Yeminli Terc\u00fcman- genannt), mit dem Schwerpunkt Recht, bietet RA \u00d6zt\u00fcrk Ihnen auch professionelle Unterst\u00fctzung an. Die &hellip; <\/p>\n<p class=\"link-more\"><a href=\"https:\/\/oeztuerk-recht.de\/?page_id=27\" class=\"more-link\"><span class=\"screen-reader-text\">\u201eT\u00e4tigkeitsfelder\u201c <\/span>weiterlesen<\/a><\/p>\n","protected":false},"author":1,"featured_media":0,"parent":0,"menu_order":0,"comment_status":"closed","ping_status":"closed","template":"","meta":{"footnotes":""},"class_list":["post-27","page","type-page","status-publish","hentry"],"_links":{"self":[{"href":"https:\/\/oeztuerk-recht.de\/index.php?rest_route=\/wp\/v2\/pages\/27","targetHints":{"allow":["GET"]}}],"collection":[{"href":"https:\/\/oeztuerk-recht.de\/index.php?rest_route=\/wp\/v2\/pages"}],"about":[{"href":"https:\/\/oeztuerk-recht.de\/index.php?rest_route=\/wp\/v2\/types\/page"}],"author":[{"embeddable":true,"href":"https:\/\/oeztuerk-recht.de\/index.php?rest_route=\/wp\/v2\/users\/1"}],"replies":[{"embeddable":true,"href":"https:\/\/oeztuerk-recht.de\/index.php?rest_route=%2Fwp%2Fv2%2Fcomments&post=27"}],"version-history":[{"count":105,"href":"https:\/\/oeztuerk-recht.de\/index.php?rest_route=\/wp\/v2\/pages\/27\/revisions"}],"predecessor-version":[{"id":1260,"href":"https:\/\/oeztuerk-recht.de\/index.php?rest_route=\/wp\/v2\/pages\/27\/revisions\/1260"}],"wp:attachment":[{"href":"https:\/\/oeztuerk-recht.de\/index.php?rest_route=%2Fwp%2Fv2%2Fmedia&parent=27"}],"curies":[{"name":"wp","href":"https:\/\/api.w.org\/{rel}","templated":true}]}}

Tätigkeitsfelder

<div data-elementor-type="wp-page" data-elementor-id="27" class="elementor elementor-27">
						<section class="elementor-section elementor-top-section elementor-element elementor-element-b0ea7cb elementor-section-boxed elementor-section-height-default elementor-section-height-default" data-id="b0ea7cb" data-element_type="section" data-e-type="section">
						<div class="elementor-container elementor-column-gap-default">
					<div class="elementor-column elementor-col-100 elementor-top-column elementor-element elementor-element-5698287" data-id="5698287" data-element_type="column" data-e-type="column">
			<div class="elementor-widget-wrap elementor-element-populated">
						<div class="elementor-element elementor-element-4027579 elementor-widget elementor-widget-heading" data-id="4027579" data-element_type="widget" data-e-type="widget" data-widget_type="heading.default">
				<div class="elementor-widget-container">
					<h1 class="elementor-heading-title elementor-size-large">Tätigkeitsfelder</h1>				</div>
				</div>
					</div>
		</div>
					</div>
		</section>
				<section class="elementor-section elementor-top-section elementor-element elementor-element-6e093d0 elementor-section-boxed elementor-section-height-default elementor-section-height-default" data-id="6e093d0" data-element_type="section" data-e-type="section">
						<div class="elementor-container elementor-column-gap-default">
					<div class="elementor-column elementor-col-100 elementor-top-column elementor-element elementor-element-5e4452a" data-id="5e4452a" data-element_type="column" data-e-type="column">
			<div class="elementor-widget-wrap">
							</div>
		</div>
					</div>
		</section>
				<section class="elementor-section elementor-top-section elementor-element elementor-element-f5ece19 elementor-section-boxed elementor-section-height-default elementor-section-height-default" data-id="f5ece19" data-element_type="section" data-e-type="section">
						<div class="elementor-container elementor-column-gap-default">
					<div class="elementor-column elementor-col-100 elementor-top-column elementor-element elementor-element-ddd785d" data-id="ddd785d" data-element_type="column" data-e-type="column">
			<div class="elementor-widget-wrap elementor-element-populated">
						<div class="elementor-element elementor-element-97c9229 elementor-widget elementor-widget-text-editor" data-id="97c9229" data-element_type="widget" data-e-type="widget" data-widget_type="text-editor.default">
				<div class="elementor-widget-container">
									<p><span style="font-family: arial, helvetica, sans-serif; color: #000000; font-size: 14pt;">Rechtsanwalt und Fachanwalt für Strafrecht Dipl. Jur. Salih Gökhan Öztürk nimmt Ihre rechtlichen Interessen außergerichtlich und gerichtlich seit 2016 vor jeder Instanz wahr.  </span></p>
<p><span style="font-family: arial, helvetica, sans-serif; color: #000000; font-size: 14pt;"><!-- /wp:paragraph --><!-- wp:paragraph --></span></p>
<p><span style="color: #000000; font-family: arial, helvetica, sans-serif; font-size: 14pt;">In seiner weiteren Eigenschaft als allgemein vereidigter Dolmetscher und Übersetzer für Türkisch (im Türkischen auch -Yeminli Tercüman- genannt), mit dem Schwerpunkt Recht, bietet RA Öztürk Ihnen auch professionelle Unterstützung an. Die von ihm angefertigten beglaubigten Übersetzungen werden bundesweit sowie auch von türkischen Konsulaten und in der Türkei anerkannt. </span></p>
<p><span style="font-family: arial, helvetica, sans-serif; color: #000000; font-size: 14pt;"><!-- /wp:paragraph --><!-- wp:paragraph --></span></p>
<p><span style="font-family: arial, helvetica, sans-serif; color: #000000; font-size: 14pt;">Auch für (beglaubigte) Übersetzungsaufträge (Urteile, Urkunden, Zeugnisse usw.) anderer Sprachen können Sie sich an uns wenden. Profitieren Sie von unserem großen Netzwerk.</span></p>								</div>
				</div>
				<div class="elementor-element elementor-element-3e95b7d elementor-widget elementor-widget-image" data-id="3e95b7d" data-element_type="widget" data-e-type="widget" data-widget_type="image.default">
				<div class="elementor-widget-container">
															<img decoding="async" width="300" height="163" src="https://oeztuerk-recht.de/wp-content/uploads/2020/12/cropped-82023605_l_jurazeichen-scaled-1-300x163.jpg" class="attachment-medium size-medium wp-image-197" alt="Rechtsanwalt und Fachanwalt für Strafrecht Öztürk steht Ihnen bei all Ihren rechtlichen Belangen zur Seite. Ferner steht er kompetent als vereidigter Dolmetscher und Übersetzer für das Sprachenpaar Türkisch und Deutsch in Limburg zur Verfügung. Ihre Kanzlei Öztürk in Limburg an der Lahn. Rufen Sie uns an und vereinbaren Sie einen Termin. In Notfällen, bei Verhaftungen oder Hausdurchsuchungen sind wir 24 h für Sie erreichbar." srcset="https://oeztuerk-recht.de/wp-content/uploads/2020/12/cropped-82023605_l_jurazeichen-scaled-1-300x163.jpg 300w, https://oeztuerk-recht.de/wp-content/uploads/2020/12/cropped-82023605_l_jurazeichen-scaled-1-1024x556.jpg 1024w, https://oeztuerk-recht.de/wp-content/uploads/2020/12/cropped-82023605_l_jurazeichen-scaled-1-768x417.jpg 768w, https://oeztuerk-recht.de/wp-content/uploads/2020/12/cropped-82023605_l_jurazeichen-scaled-1-1536x835.jpg 1536w, https://oeztuerk-recht.de/wp-content/uploads/2020/12/cropped-82023605_l_jurazeichen-scaled-1-2048x1113.jpg 2048w" sizes="100vw" />															</div>
				</div>
					</div>
		</div>
					</div>
		</section>
				<section class="elementor-section elementor-top-section elementor-element elementor-element-8af81c0 elementor-section-boxed elementor-section-height-default elementor-section-height-default" data-id="8af81c0" data-element_type="section" data-e-type="section">
						<div class="elementor-container elementor-column-gap-default">
					<div class="elementor-column elementor-col-100 elementor-top-column elementor-element elementor-element-aff24f6" data-id="aff24f6" data-element_type="column" data-e-type="column">
			<div class="elementor-widget-wrap elementor-element-populated">
						<div class="elementor-element elementor-element-22aceda elementor-widget elementor-widget-image" data-id="22aceda" data-element_type="widget" data-e-type="widget" data-widget_type="image.default">
				<div class="elementor-widget-container">
															<img decoding="async" width="300" height="132" src="https://oeztuerk-recht.de/wp-content/uploads/2020/10/index-300x132.png" class="attachment-medium size-medium wp-image-132" alt="Ihr Strafverteidiger Öztürk bildet sich für Sie stets weiter. Rechtsanwalt Öztürk übernimmt gerne auch Pflichtverteidigungen. Weiter befasst sich Rechtsanwalt Öztürk vertieft mit dem Verkehrsrecht. Mit seinem Expertenwissen betreuter Ihr Rechtsanwalt Öztürk Sie in Limburg und in Gießen von der außgergerichtlichen Schadensregulierung bis zum gerichtlichen Prozess. Rechtsanwalt Öztürk berät Sie umfassen mit seiner langjährigen Erfahrung in strafrechtlichen und verkehrsrechtlichen Angelegenheiten." srcset="https://oeztuerk-recht.de/wp-content/uploads/2020/10/index-300x132.png 300w, https://oeztuerk-recht.de/wp-content/uploads/2020/10/index.png 338w" sizes="100vw" />															</div>
				</div>
					</div>
		</div>
					</div>
		</section>
				<section class="elementor-section elementor-top-section elementor-element elementor-element-6f9bc289 elementor-section-boxed elementor-section-height-default elementor-section-height-default" data-id="6f9bc289" data-element_type="section" data-e-type="section">
						<div class="elementor-container elementor-column-gap-default">
					<div class="elementor-column elementor-col-100 elementor-top-column elementor-element elementor-element-5d424c32" data-id="5d424c32" data-element_type="column" data-e-type="column">
			<div class="elementor-widget-wrap elementor-element-populated">
						<div class="elementor-element elementor-element-41580dd elementor-button-info animated-slow elementor-align-justify elementor-invisible elementor-widget elementor-widget-button" data-id="41580dd" data-element_type="widget" data-e-type="widget" data-settings="{&quot;_animation&quot;:&quot;bounceIn&quot;,&quot;_animation_delay&quot;:0}" data-widget_type="button.default">
				<div class="elementor-widget-container">
									<div class="elementor-button-wrapper">
					<a class="elementor-button elementor-button-link elementor-size-md" href="https://oeztuerk-recht.de/?page_id=234">
						<span class="elementor-button-content-wrapper">
						<span class="elementor-button-icon">
				<i aria-hidden="true" class="fas fa-phone-square-alt"></i>			</span>
									<span class="elementor-button-text">Kontakt zur Kanzlei Öztürk</span>
					</span>
					</a>
				</div>
								</div>
				</div>
					</div>
		</div>
					</div>
		</section>
				<section class="elementor-section elementor-top-section elementor-element elementor-element-5f63d76 elementor-section-boxed elementor-section-height-default elementor-section-height-default" data-id="5f63d76" data-element_type="section" data-e-type="section">
						<div class="elementor-container elementor-column-gap-default">
					<div class="elementor-column elementor-col-100 elementor-top-column elementor-element elementor-element-2fbcb56" data-id="2fbcb56" data-element_type="column" data-e-type="column">
			<div class="elementor-widget-wrap elementor-element-populated">
						<div class="elementor-element elementor-element-be7f875 elementor-align-justify elementor-widget elementor-widget-button" data-id="be7f875" data-element_type="widget" data-e-type="widget" data-widget_type="button.default">
				<div class="elementor-widget-container">
									<div class="elementor-button-wrapper">
					<a class="elementor-button elementor-button-link elementor-size-md" href="https://oeztuerk-recht.de/">
						<span class="elementor-button-content-wrapper">
						<span class="elementor-button-icon">
				<i aria-hidden="true" class="fas fa-home"></i>			</span>
									<span class="elementor-button-text">Zur Startseite </span>
					</span>
					</a>
				</div>
								</div>
				</div>
					</div>
		</div>
					</div>
		</section>
				</div>

<p>Tätigkeitsfelder Rechtsanwalt und Fachanwalt für Strafrecht Dipl. Jur. Salih Gökhan Öztürk nimmt Ihre rechtlichen Interessen außergerichtlich und gerichtlich seit 2016 vor jeder Instanz wahr.   In seiner weiteren Eigenschaft als allgemein vereidigter Dolmetscher und Übersetzer für Türkisch (im Türkischen auch -Yeminli Tercüman- genannt), mit dem Schwerpunkt Recht, bietet RA Öztürk Ihnen auch professionelle Unterstützung an. Die &hellip; </p>
<p class="link-more"><a href="https://oeztuerk-recht.de/?page_id=27" class="more-link"><span class="screen-reader-text">„Tätigkeitsfelder“ </span>weiterlesen</a></p>
